{"id":277,"date":"2023-04-07T18:29:17","date_gmt":"2023-04-07T16:29:17","guid":{"rendered":"http:\/\/nowadomena.pl\/?page_id=277"},"modified":"2023-04-07T18:30:15","modified_gmt":"2023-04-07T16:30:15","slug":"privacy","status":"publish","type":"page","link":"https:\/\/warsztatwiedzy.pl\/index.php\/privacy\/","title":{"rendered":"O\u015bwiadczenie o ochronie prywatno\u015bci"},"content":{"rendered":"\t\t<div data-elementor-type=\"wp-page\" data-elementor-id=\"277\" class=\"elementor elementor-277\">\n\t\t\t\t\t\t\t\t\t<section class=\"elementor-section elementor-top-section elementor-element elementor-element-c02185b elementor-section-boxed elementor-section-height-default elementor-section-height-default exad-glass-effect-no wpr-particle-no wpr-jarallax-no wpr-parallax-no wpr-sticky-section-no exad-sticky-section-no\" data-id=\"c02185b\" data-element_type=\"section\" data-settings=\"{&quot;_ha_eqh_enable&quot;:false}\">\n\t\t\t\t\t\t<div class=\"elementor-container elementor-column-gap-default\">\n\t\t\t\t\t<div class=\"elementor-column elementor-col-100 elementor-top-column elementor-element elementor-element-07b3b49 exad-glass-effect-no exad-sticky-section-no\" data-id=\"07b3b49\" data-element_type=\"column\">\n\t\t\t<div class=\"elementor-widget-wrap elementor-element-populated\">\n\t\t\t\t\t\t\t\t<div class=\"elementor-element elementor-element-a2bf698 exad-sticky-section-no exad-glass-effect-no elementor-widget elementor-widget-spacer\" data-id=\"a2bf698\" data-element_type=\"widget\" data-widget_type=\"spacer.default\">\n\t\t\t\t<div class=\"elementor-widget-container\">\n\t\t\t<style>\/*! elementor - v3.11.2 - 22-02-2023 *\/\n.elementor-column .elementor-spacer-inner{height:var(--spacer-size)}.e-con{--container-widget-width:100%}.e-con-inner>.elementor-widget-spacer,.e-con>.elementor-widget-spacer{width:var(--container-widget-width,var(--spacer-size));--align-self:var(--container-widget-align-self,initial);--flex-shrink:0}.e-con-inner>.elementor-widget-spacer>.elementor-widget-container,.e-con-inner>.elementor-widget-spacer>.elementor-widget-container>.elementor-spacer,.e-con>.elementor-widget-spacer>.elementor-widget-container,.e-con>.elementor-widget-spacer>.elementor-widget-container>.elementor-spacer{height:100%}.e-con-inner>.elementor-widget-spacer>.elementor-widget-container>.elementor-spacer>.elementor-spacer-inner,.e-con>.elementor-widget-spacer>.elementor-widget-container>.elementor-spacer>.elementor-spacer-inner{height:var(--container-widget-height,var(--spacer-size))}<\/style>\t\t<div class=\"elementor-spacer\">\n\t\t\t<div class=\"elementor-spacer-inner\"><\/div>\n\t\t<\/div>\n\t\t\t\t<\/div>\n\t\t\t\t<\/div>\n\t\t\t\t\t<\/div>\n\t\t<\/div>\n\t\t\t\t\t\t\t<\/div>\n\t\t<\/section>\n\t\t\t\t<section class=\"elementor-section elementor-top-section elementor-element elementor-element-51ce748 elementor-section-boxed elementor-section-height-default elementor-section-height-default exad-glass-effect-no wpr-particle-no wpr-jarallax-no wpr-parallax-no wpr-sticky-section-no exad-sticky-section-no\" data-id=\"51ce748\" data-element_type=\"section\" data-settings=\"{&quot;_ha_eqh_enable&quot;:false}\">\n\t\t\t\t\t\t<div class=\"elementor-container elementor-column-gap-default\">\n\t\t\t\t\t<div class=\"elementor-column elementor-col-100 elementor-top-column elementor-element elementor-element-31af7fb exad-glass-effect-no exad-sticky-section-no\" data-id=\"31af7fb\" data-element_type=\"column\">\n\t\t\t<div class=\"elementor-widget-wrap elementor-element-populated\">\n\t\t\t\t\t\t\t\t<div class=\"elementor-element elementor-element-8568add exad-sticky-section-no exad-glass-effect-no elementor-widget elementor-widget-text-editor\" data-id=\"8568add\" data-element_type=\"widget\" data-widget_type=\"text-editor.default\">\n\t\t\t\t<div class=\"elementor-widget-container\">\n\t\t\t<style>\/*! elementor - v3.11.2 - 22-02-2023 *\/\n.elementor-widget-text-editor.elementor-drop-cap-view-stacked .elementor-drop-cap{background-color:#818a91;color:#fff}.elementor-widget-text-editor.elementor-drop-cap-view-framed .elementor-drop-cap{color:#818a91;border:3px solid;background-color:transparent}.elementor-widget-text-editor:not(.elementor-drop-cap-view-default) .elementor-drop-cap{margin-top:8px}.elementor-widget-text-editor:not(.elementor-drop-cap-view-default) .elementor-drop-cap-letter{width:1em;height:1em}.elementor-widget-text-editor .elementor-drop-cap{float:left;text-align:center;line-height:1;font-size:50px}.elementor-widget-text-editor .elementor-drop-cap-letter{display:inline-block}<\/style>\t\t\t\t<p><span style=\"color: #000000;\">POLITYKA PRYWATNO\u015aCI<\/span><\/p><p><span style=\"color: #000000;\">Niniejsza Polityka stanowi podstawow\u0105 informacj\u0119 o celach, sposobach przetwarzania oraz bezpiecze\u0144stwie Twoich danych osobowych, jako u\u017cytkownika strony: www.warsztatwiedzy.pl (warsztatwiedzy.pl) (zwanej dalej Stron\u0105). Zapoznaj\u0105c si\u0119 z Polityk\u0105 prywatno\u015bci dowiesz si\u0119 kto jest administratorem Twoich danych osobowych, jakie dane osobowe s\u0105 przez Stron\u0119 zbierane, w jakich celach s\u0105 wykorzystywane oraz jak s\u0105 chronione.<\/span><\/p><p><span style=\"color: #000000;\">1. Informacje podstawowe.<\/span><\/p><p><br \/><span style=\"color: #000000;\">Administratorem Twoich danych osobowych jest Fundacja \u201eWarsztat Wiedzy\u201d z siedzib\u0105 42-580 Wojkowice, ul. Plaka 4e\/2\/5<\/span><br \/><span style=\"color: #000000;\">Kontakt z Administratorem jest mo\u017cliwy za po\u015brednictwem poczty e-mail: kontakt@warsztatwiedzy.pl<\/span><\/p><p><span style=\"color: #000000;\">2. Zasady przetwarzania danych.<\/span><\/p><p><span style=\"color: #000000;\">Administrator przetwarza dane osobowe z poszanowaniem nast\u0119puj\u0105cych zasad:<\/span><br \/><span style=\"color: #000000;\">w oparciu o podstaw\u0119 prawn\u0105 i zgodnie z prawem (legalizm);<\/span><br \/><span style=\"color: #000000;\">rzetelnie i uczciwie (rzetelno\u015b\u0107);<\/span><br \/><span style=\"color: #000000;\">w spos\u00f3b przejrzysty dla osoby, kt\u00f3rej dane dotycz\u0105 (transparentno\u015b\u0107);<\/span><br \/><span style=\"color: #000000;\">w konkretnych celach i nie \u201ena zapas\u201d (minimalizacja);<\/span><br \/><span style=\"color: #000000;\">nie wi\u0119cej ni\u017c potrzeba (adekwatno\u015b\u0107);<\/span><br \/><span style=\"color: #000000;\">z dba\u0142o\u015bci\u0105 o prawid\u0142owo\u015b\u0107 danych (prawid\u0142owo\u015b\u0107);<\/span><br \/><span style=\"color: #000000;\">nie d\u0142u\u017cej ni\u017c potrzeba (czasowo\u015b\u0107);<\/span><br \/><span style=\"color: #000000;\">zapewniaj\u0105c odpowiednie bezpiecze\u0144stwo danych (bezpiecze\u0144stwo).<\/span><\/p><p><span style=\"color: #000000;\">3. Cele, podstawy prawne i zakres przetwarzania danych.<\/span><\/p><p><span style=\"color: #000000;\">Twoje dane b\u0119dziemy przetwarza\u0107:<\/span><\/p><p><span style=\"color: #000000;\">w celach kontaktowych, aby udzieli\u0107 ci odpowiedzi na Twoj\u0105 wiadomo\u015b\u0107 przes\u0142an\u0105 nam bezpo\u015brednio drog\u0105 e-mailow\u0105 lub za po\u015brednictwem formularza na podstawie realizacji prawnie uzasadnionego interesu Administratora zwi\u0105zanego z konieczno\u015bci\u0105 udzielenia Ci odpowiedzi.<\/span><\/p><p><span style=\"color: #000000;\">w celach technicznych przy u\u017cyciu plik\u00f3w cookies (ciasteczka techniczne), na podstawie realizacji prawnie uzasadnionego interesu Administratora zwi\u0105zanego z prawid\u0142owym dzia\u0142aniem i funkcjonowaniem Strony.<\/span><\/p><p><span style=\"color: #000000;\">w celach statystycznych i analitycznych, je\u015bli wyrazi\u0142e\u015b zgod\u0119 na wykorzystanie przez nas plik\u00f3w cookies do cel\u00f3w analitycznych (ciasteczka analityczne).<\/span><\/p><p><span style=\"color: #000000;\">w celach marketingowych, je\u015bli wyrazi\u0142e\u015b zgod\u0119 na wykorzystanie przez nas plik\u00f3w cookies do cel\u00f3w marketingowych (ciasteczka marketingowe)<\/span><\/p><p><span style=\"color: #000000;\">w celach zwi\u0105zanych z prowadzeniem przez nas profilu firmowego w mediach spo\u0142eczno\u015bciowych (takich jak Facebook \/ Instagram) na zasadach okre\u015blonych przez w\u0142a\u015bcicieli danego medium (portalu) i informowania w nim o naszych produktach, promocjach i innych wiadomo\u015bciach dotycz\u0105cych naszej dzia\u0142alno\u015bci, co uwa\u017camy za nasz prawnie uzasadniony interes,<\/span><\/p><p><span style=\"color: #000000;\">Przetwarzamy Twoje dane w zakresie:<\/span><\/p><p><span style=\"color: #000000;\">je\u015bli prze\u015blesz nam wiadomo\u015b\u0107 e-mail to b\u0119dziemy przetwarza\u0107 dane, kt\u00f3re b\u0119d\u0105 w niej zawarte. Przekazanie nam danych w e-mailu nast\u0119puje dobrowolnie. W ka\u017cdym czasie mo\u017cesz zwr\u00f3ci\u0107 si\u0119 do nas z pro\u015bb\u0105 o usuni\u0119cie tych danych.<\/span><\/p><p><span style=\"color: #000000;\">je\u015bli skorzysta\u0107 z formularza kontaktowego na naszej stronie to b\u0119dziemy przetwarza\u0107 dane w postaci twojego adresu e-mail oraz imienia. Podanie tych danych stanowi warunek udzielenia przez nas odpowiedzi na Twoje zapytanie.<\/span><\/p><p><span style=\"color: #000000;\">pozosta\u0142e dane, kt\u00f3re Administrator przetwarza to adres IP i inne dane zapisywane w plikach cookies. To Ty decydujesz w jakim zakresie b\u0119dziemy mogli wykorzysta\u0107 pliki cookies z Twoimi danymi. Przekazanie nam danych w ten spos\u00f3b nast\u0119puje dobrowolnie. W ka\u017cdym czasie mo\u017cesz zmieni\u0107 swoje preferencje. Mo\u017cesz to zrobi\u0107 w swojej przegl\u0105darce internetowej lub te\u017c po usuni\u0119ciu zapisanych plik\u00f3w cookies pochodz\u0105cych z naszej Strony.<\/span><\/p><p><span style=\"color: #000000;\">je\u015bli polubisz lub w inny spos\u00f3b do\u0142\u0105czysz do naszego profilu w mediach spo\u0142eczno\u015bciowych (np. Facebook) b\u0119dziemy przetwarza\u0107 Twoje dane, kt\u00f3re poda\u0142e\u015b w danym medium i do kt\u00f3rych b\u0119dziemy mieli dost\u0119p. W celu zako\u0144czenia przetwarzania mo\u017cesz zako\u0144czy\u0107 subskrypcj\u0119 naszego profilu.<\/span><\/p><p><span style=\"color: #000000;\">API zewn\u0119trznych partner\u00f3w: Nasza strona mo\u017ce korzysta\u0107 z API (interfejs\u00f3w programistycznych aplikacji) dostarczanych przez zewn\u0119trznych partner\u00f3w w celu zintegrowania r\u00f3\u017cnych funkcjonalno\u015bci, takich jak mapy, us\u0142ugi analityczne, reklamowe czy media spo\u0142eczno\u015bciowe. Korzystanie z tych API mo\u017ce prowadzi\u0107 do tworzenia dodatkowych ciasteczek lub korzystania z istniej\u0105cych ciasteczek w celu przetwarzania danych u\u017cytkownik\u00f3w. Zewn\u0119trzni partnerzy mog\u0105 przechowywa\u0107 i przetwarza\u0107 te dane zgodnie z w\u0142asnymi politykami prywatno\u015bci.<\/span><\/p><p><span style=\"color: #000000;\">4. Odbiorcy danych oraz zamiar przekazywania danych do Pa\u0144stwa spoza EOG lub organizacji mi\u0119dzynarodowej.<\/span><\/p><p><span style=\"color: #000000;\">Odbiorc\u0105 Twoich danych osobowych s\u0105:<\/span><\/p><p><span style=\"color: #000000;\">je\u015bli wyrazi\u0142e\u015b zgod\u0119 na ciasteczka marketingowe, Twoje dane zapisane w plikach cookies, b\u0119d\u0105 przekazane do naszych partner\u00f3w reklamowych.<\/span><\/p><p><span style=\"color: #000000;\">je\u015bli wyrazi\u0142e\u015b zgod\u0119 na ciasteczka analityczne, Twoje dane zapisane w plikach cookies, b\u0119d\u0105 przetwarzane przez podmiot dostarczaj\u0105cy oprogramowanie do analizy ruchu naszej stronie (np. Google Analytics)<\/span><\/p><p><span style=\"color: #000000;\">Twoje dane nie s\u0105 przekazywane do Pa\u0144stw spoza EOG lub organizacji mi\u0119dzynarodowych.<\/span><\/p><p><span style=\"color: #000000;\">5. Termin przechowywania danych.<\/span><\/p><p><span style=\"color: #000000;\">Nie jeste\u015bmy w stanie ustali\u0107 przez jaki okres przetwarza\u0107 b\u0119dziemy Twoje dane osobowe. Je\u015bli przekaza\u0142e\u015b nam swoje dane w formularzu lub wiadomo\u015bci e-mail w celach kontaktowych to Twoje dane b\u0119dziemy przetwarza\u0107 do momentu z\u0142o\u017cenia przez Ciebie \u017c\u0105dania usuni\u0119cia tych danych lub sprzeciwu wobec przetwarzania, ale r\u00f3wnie\u017c w przypadku, w kt\u00f3rym uznamy, \u017ce zrealizowali\u015bmy prawnie uzasadniony interes Administratora.<\/span><\/p><p><span style=\"color: #000000;\">6. Prawa u\u017cytkownik\u00f3w.<\/span><\/p><p><span style=\"color: #000000;\">W zwi\u0105zku z przetwarzaniem Twoich danych przys\u0142uguj\u0105 Ci nast\u0119puj\u0105ce prawa:<\/span><br \/><span style=\"color: #000000;\">dost\u0119pu do tre\u015bci swoich danych oraz prawo ich sprostowania, usuni\u0119cia, ograniczenia przetwarzania, prawo do przenoszenia danych, prawo wniesienia sprzeciwu, prawo do cofni\u0119cia zgody na ich przetwarzanie w dowolnym momencie i w dowolnej formie, chyba \u017ce przetwarzanie Pa\u0144stwa danych odbywa si\u0119 w celu wykonywania umowy przez Administratora, w celu wywi\u0105zania si\u0119 przez Administratora z obowi\u0105zk\u00f3w prawnych wzgl\u0119dem instytucji pa\u0144stwowych lub w celu realizacji prawnie uzasadnionych interes\u00f3w Administratora.<\/span><\/p><p><span style=\"color: #000000;\">Masz tak\u017ce prawo wniesienia skargi do Prezesa Urz\u0119du Ochrony Danych Osobowych (na adres Urz\u0119du Ochrony Danych Osobowych, ul. Stawki 2, 00-193 Warszawa).<\/span><\/p><p><span style=\"color: #000000;\">Wi\u0119cej informacji w przedmiocie ochrony danych osobowych mog\u0105 Pa\u0144stwo otrzyma\u0107 na stronie internetowej Urz\u0119du Ochrony Danych Osobowych: uodo.gov.pl<\/span><\/p><p><span style=\"color: #000000;\">7 Informacja o ciasteczkach<\/span><\/p><p><span style=\"color: #000000;\">Na naszej stronie wykorzystujemy ciasteczka (pliki cookies).<\/span><\/p><p><span style=\"color: #000000;\">Ciasteczka (pliki cookies) s\u0105 niewielkimi plikami tekstowymi przechowywanymi na urz\u0105dzeniach u\u017cytkownik\u00f3w podczas przegl\u0105dania strony internetowej. S\u0105 one wykorzystywane w celu u\u0142atwienia korzystania z naszej strony, poprawienia jako\u015bci us\u0142ug oraz umo\u017cliwienia analizy ruchu i zachowa\u0144 u\u017cytkownik\u00f3w.<\/span><\/p><p><span style=\"color: #000000;\">Ciasteczka mog\u0105 by\u0107 sta\u0142e (trwa\u0142e) lub tymczasowe (sesyjne). Sta\u0142e ciasteczka s\u0105 przechowywane na urz\u0105dzeniu u\u017cytkownika przez okre\u015blony czas lub do momentu ich usuni\u0119cia przez u\u017cytkownika. Tymczasowe ciasteczka s\u0105 usuwane po zamkni\u0119ciu przegl\u0105darki.<\/span><\/p><p><span style=\"color: #000000;\">Wykorzystujemy ciasteczka w\u0142asne oraz ciasteczka stron trzecich. Ciasteczka w\u0142asne s\u0105 wykorzystywane w celu zapewnienia prawid\u0142owego dzia\u0142ania strony, personalizacji tre\u015bci, zapisywania preferencji u\u017cytkownik\u00f3w oraz analizy statystyk. Ciasteczka stron trzecich s\u0105 wykorzystywane przez zewn\u0119trzne narz\u0119dzia analityczne, reklamowe oraz do integracji z mediami spo\u0142eczno\u015bciowymi.<\/span><\/p><p><span style=\"color: #000000;\">U\u017cytkownicy maj\u0105 prawo kontrolowa\u0107 i ogranicza\u0107 spos\u00f3b, w jaki ciasteczka s\u0105 wykorzystywane na naszej stronie. Wi\u0119kszo\u015b\u0107 przegl\u0105darek internetowych umo\u017cliwia zarz\u0105dzanie plikami cookies, w tym blokowanie, ograniczanie lub usuwanie ciasteczek. Szczeg\u00f3\u0142owe informacje na temat zarz\u0105dzania ciasteczkami mo\u017cna znale\u017a\u0107 w ustawieniach przegl\u0105darki u\u017cytkownika.<\/span><\/p><p><span style=\"color: #000000;\">Nale\u017cy pami\u0119ta\u0107, \u017ce wy\u0142\u0105czenie lub ograniczenie ciasteczek mo\u017ce wp\u0142yn\u0105\u0107 na funkcjonalno\u015b\u0107 strony oraz jako\u015b\u0107 \u015bwiadczonych us\u0142ug.<\/span><\/p><p><span style=\"color: #000000;\">Na naszej stronie wykorzystujemy r\u00f3\u017cne rodzaje ciasteczek, aby lepiej dostosowa\u0107 si\u0119 do potrzeb u\u017cytkownik\u00f3w i zapewni\u0107 optymalne korzystanie ze strony.<\/span><\/p><p><span style=\"color: #000000;\">Ciasteczka techniczne: S\u0105 niezb\u0119dne do prawid\u0142owego funkcjonowania witryny. Umo\u017cliwiaj\u0105 utrzymanie sesji u\u017cytkownika, obs\u0142ug\u0119 formularzy, zapami\u0119tywanie preferencji oraz zapewnienie bezpiecze\u0144stwa strony.<\/span><\/p><p><span style=\"color: #000000;\">Ciasteczka marketingowe: Pozwalaj\u0105 na personalizacj\u0119 reklam oraz prowadzenie dzia\u0142a\u0144 remarketingowych, kt\u00f3re s\u0105 dostosowane do zainteresowa\u0144 i preferencji u\u017cytkownik\u00f3w. S\u0142u\u017c\u0105 r\u00f3wnie\u017c do mierzenia skuteczno\u015bci kampanii reklamowych oraz optymalizacji tre\u015bci reklamowych.<\/span><\/p><p><span style=\"color: #000000;\">Ciasteczka analityczne: S\u0105 wykorzystywane do zbierania informacji o sposobie korzystania z witryny przez u\u017cytkownik\u00f3w, takich jak liczba odwiedzin, strony odwiedzane, czas sp\u0119dzony na stronie czy \u017ar\u00f3d\u0142o ruchu. Uzyskane dane pomagaj\u0105 w analizie i optymalizacji strony, poprawiaj\u0105c jej funkcjonowanie i dostosowuj\u0105c tre\u015bci do potrzeb u\u017cytkownik\u00f3w.<\/span><\/p><p><span style=\"color: #000000;\">8 Dlaczego korzystamy z ciasteczek?<\/span><\/p><p><span style=\"color: #000000;\">Komfort korzystania ze strony: Ciasteczka (pliki cookies) mog\u0105 znacz\u0105co wp\u0142yn\u0105\u0107 na komfort korzystania ze strony internetowej.<\/span><\/p><p><span style=\"color: #000000;\">Personalizacja tre\u015bci: Ciasteczka pozwalaj\u0105 na dostosowanie wy\u015bwietlanych tre\u015bci do preferencji i zainteresowa\u0144 u\u017cytkownika, co sprawia, \u017ce strona staje si\u0119 bardziej atrakcyjna i u\u017cyteczna.<\/span><\/p><p><span style=\"color: #000000;\">Zapami\u0119tywanie ustawie\u0144: Dzi\u0119ki ciasteczkom strona mo\u017ce zapami\u0119ta\u0107 wybrane przez u\u017cytkownika ustawienia, takie jak j\u0119zyk, uk\u0142ad czy kolorystyka, co pozwala na szybsze i wygodniejsze korzystanie z serwisu.<\/span><\/p><p><span style=\"color: #000000;\">Logowanie: Ciasteczka umo\u017cliwiaj\u0105 przechowywanie informacji o zalogowanym u\u017cytkowniku, co pozwala na \u0142atwe prze\u0142\u0105czanie si\u0119 mi\u0119dzy r\u00f3\u017cnymi sekcjami strony bez konieczno\u015bci ponownego logowania.<\/span><\/p><p><span style=\"color: #000000;\">Utrzymanie sesji: Dzi\u0119ki ciasteczkom strona mo\u017ce \u015bledzi\u0107 aktywno\u015b\u0107 u\u017cytkownika na r\u00f3\u017cnych podstronach, co pozwala na \u0142atwe wracanie do ostatnio odwiedzanych sekcji lub kontynuowanie niedoko\u0144czonych dzia\u0142a\u0144, takich jak wype\u0142nianie formularzy.<\/span><\/p><p><span style=\"color: #000000;\">Optymalizacja wydajno\u015bci: Ciasteczka mog\u0105 by\u0107 wykorzystane do analizy ruchu i zachowa\u0144 u\u017cytkownik\u00f3w na stronie, co pomaga w optymalizacji jej wydajno\u015bci oraz dostarczaniu tre\u015bci o wysokiej jako\u015bci.<\/span><\/p><p><span style=\"color: #000000;\">Reklamy: Ciasteczka umo\u017cliwiaj\u0105 wy\u015bwietlanie spersonalizowanych reklam, kt\u00f3re s\u0105 dopasowane do zainteresowa\u0144 i potrzeb u\u017cytkownika. Dzi\u0119ki temu, reklamy s\u0105 mniej inwazyjne i bardziej adekwatne.<\/span><\/p><p><span style=\"color: #000000;\">Integracja z mediami spo\u0142eczno\u015bciowymi: Ciasteczka pozwalaj\u0105 na integracj\u0119 z serwisami spo\u0142eczno\u015bciowymi, takimi jak Facebook, Twitter czy Instagram, co umo\u017cliwia \u0142atwe udost\u0119pnianie tre\u015bci oraz korzystanie z dodatkowych funkcji, takich jak komentowanie czy polubienia.<\/span><\/p><p><span style=\"color: #000000;\">9 Funkcje ciasteczek technicznych<\/span><\/p><p><span style=\"color: #000000;\">Utrzymanie sesji u\u017cytkownika: Ciasteczka techniczne umo\u017cliwiaj\u0105 utrzymanie sesji u\u017cytkownika podczas poruszania si\u0119 po stronie, co pozwala na przechodzenie mi\u0119dzy r\u00f3\u017cnymi sekcjami witryny bez konieczno\u015bci ponownego logowania czy wprowadzania tych samych informacji.<\/span><\/p><p><span style=\"color: #000000;\">Zapami\u0119tywanie preferencji u\u017cytkownika: Dzi\u0119ki ciasteczkom technicznym strona mo\u017ce przechowywa\u0107 informacje na temat preferencji u\u017cytkownik\u00f3w, takie jak wybrany j\u0119zyk, wielko\u015b\u0107 czcionki, ustawienia kolorystyczne czy inne elementy personalizacji.<\/span><\/p><p><span style=\"color: #000000;\">Obs\u0142uga formularzy: Ciasteczka techniczne wspomagaj\u0105 funkcjonowanie formularzy na stronie, takich jak formularze logowania, rejestracji czy kontaktowe, zapewniaj\u0105c prawid\u0142owe przetwarzanie danych wprowadzanych przez u\u017cytkownik\u00f3w.<\/span><\/p><p><span style=\"color: #000000;\">Optymalizacja wydajno\u015bci strony: U\u017cycie ciasteczek technicznych umo\u017cliwia monitorowanie wydajno\u015bci strony oraz szybko\u015b\u0107 \u0142adowania poszczeg\u00f3lnych element\u00f3w, co pozwala na optymalizacj\u0119 i popraw\u0119 jako\u015bci \u015bwiadczonych us\u0142ug.<\/span><\/p><p><span style=\"color: #000000;\">Bezpiecze\u0144stwo: Ciasteczka techniczne pomagaj\u0105 w zapewnieniu bezpiecze\u0144stwa witryny i jej u\u017cytkownik\u00f3w, na przyk\u0142ad poprzez weryfikacj\u0119 to\u017csamo\u015bci u\u017cytkownik\u00f3w, wykrywanie pr\u00f3b w\u0142ama\u0144 czy ochron\u0119 przed atakami typu CSRF (Cross-Site Request Forgery).<\/span><\/p><p><span style=\"color: #000000;\">10 Funkcje ciasteczek analitycznych<\/span><\/p><p><span style=\"color: #000000;\">Pomiar ruchu na stronie: Ciasteczka analityczne pozwalaj\u0105 na monitorowanie liczby odwiedzin, unikalnych u\u017cytkownik\u00f3w i wy\u015bwietle\u0144 stron, co daje og\u00f3lny obraz popularno\u015bci i wydajno\u015bci witryny.<\/span><\/p><p><span style=\"color: #000000;\">Analiza zachowa\u0144 u\u017cytkownik\u00f3w: Dzi\u0119ki ciasteczkom analitycznym mo\u017cna zbiera\u0107 informacje o sposobie, w jaki u\u017cytkownicy poruszaj\u0105 si\u0119 po stronie, na przyk\u0142ad czas sp\u0119dzony na poszczeg\u00f3lnych podstronach, \u015bcie\u017cki nawigacji oraz miejsca, w kt\u00f3rych opuszczaj\u0105 witryn\u0119.<\/span><\/p><p><span style=\"color: #000000;\">Optymalizacja konwersji: Ciasteczka analityczne pomagaj\u0105 w identyfikowaniu element\u00f3w strony, kt\u00f3re wp\u0142ywaj\u0105 na skuteczno\u015b\u0107 osi\u0105gania cel\u00f3w biznesowych, takich jak rejestracja, z\u0142o\u017cenie zam\u00f3wienia czy wype\u0142nienie formularza kontaktowego.<\/span><\/p><p><span style=\"color: #000000;\">Segmentacja u\u017cytkownik\u00f3w: U\u017cycie ciasteczek analitycznych umo\u017cliwia grupowanie u\u017cytkownik\u00f3w wed\u0142ug r\u00f3\u017cnych kryteri\u00f3w co pozwala na lepsze dostosowanie tre\u015bci i oferty do potrzeb poszczeg\u00f3lnych segment\u00f3w.<\/span><\/p><p><span style=\"color: #000000;\">Testowanie A\/B: Ciasteczka analityczne s\u0105 wykorzystywane do przeprowadzania test\u00f3w A\/B, kt\u00f3re polegaj\u0105 na por\u00f3wnaniu dw\u00f3ch wersji strony internetowej, aby sprawdzi\u0107, kt\u00f3ra z nich lepiej spe\u0142nia za\u0142o\u017cone cele. Testy te pomagaj\u0105 w optymalizacji wygl\u0105du, funkcjonalno\u015bci i tre\u015bci witryny.<\/span><\/p><p><span style=\"color: #000000;\">11 Funkcje ciasteczek reklamowych<\/span><\/p><p><span style=\"color: #000000;\">Spersonalizowane reklamy: Ciasteczka marketingowe umo\u017cliwiaj\u0105 wy\u015bwietlanie reklam dopasowanych do zainteresowa\u0144, preferencji i historii przegl\u0105dania u\u017cytkownika, co sprawia, \u017ce s\u0105 one bardziej atrakcyjne i efektywne.<\/span><\/p><p><span style=\"color: #000000;\">Remarketing: Dzi\u0119ki ciasteczkom marketingowym mo\u017cna \u015bledzi\u0107 u\u017cytkownik\u00f3w, kt\u00f3rzy odwiedzili witryn\u0119, ale nie dokonali zakupu lub innej akcji, i ponownie kierowa\u0107 do nich reklamy, aby zach\u0119ci\u0107 do powrotu na stron\u0119 i finalizacji transakcji.<\/span><\/p><p><span style=\"color: #000000;\">Pomiar skuteczno\u015bci reklam: Ciasteczka marketingowe pozwalaj\u0105 na monitorowanie wynik\u00f3w kampanii reklamowych, takich jak liczba klikni\u0119\u0107, konwersji czy wy\u015bwietle\u0144, co umo\u017cliwia optymalizacj\u0119 strategii marketingowej.<\/span><\/p><p><span style=\"color: #000000;\">Zarz\u0105dzanie reklamami w wielu kana\u0142ach: U\u017cycie ciasteczek marketingowych u\u0142atwia koordynacj\u0119 i integracj\u0119 dzia\u0142a\u0144 reklamowych prowadzonych w r\u00f3\u017cnych kana\u0142ach, takich jak wyszukiwarki, media spo\u0142eczno\u015bciowe czy strony partnerskie.<\/span><\/p><p><span style=\"color: #000000;\">Testowanie i optymalizacja tre\u015bci reklamowych: Ciasteczka marketingowe s\u0105 wykorzystywane do przeprowadzania test\u00f3w A\/B oraz innych metod analizy, kt\u00f3re pozwalaj\u0105 na ocen\u0119, jakie przekazy, formaty czy kreatywno\u015bci reklamowe s\u0105 najbardziej skuteczne i anga\u017cuj\u0105ce dla u\u017cytkownik\u00f3w.<\/span><\/p>\t\t\t\t\t\t<\/div>\n\t\t\t\t<\/div>\n\t\t\t\t\t<\/div>\n\t\t<\/div>\n\t\t\t\t\t\t\t<\/div>\n\t\t<\/section>\n\t\t\t\t\t\t\t<\/div>\n\t\t","protected":false},"excerpt":{"rendered":"<p>POLITYKA PRYWATNO\u015aCI Niniejsza Polityka stanowi podstawow\u0105 informacj\u0119 o celach, sposobach przetwarzania oraz bezpiecze\u0144stwie Twoich danych osobowych, jako u\u017cytkownika strony: www.warsztatwiedzy.pl (warsztatwiedzy.pl) (zwanej dalej Stron\u0105). Zapoznaj\u0105c si\u0119 z Polityk\u0105 prywatno\u015bci dowiesz si\u0119 kto jest administratorem Twoich danych osobowych, jakie dane osobowe s\u0105 przez Stron\u0119 zbierane, w jakich celach s\u0105 wykorzystywane oraz jak s\u0105 chronione. 1. Informacje&hellip;&nbsp;<a href=\"https:\/\/warsztatwiedzy.pl\/index.php\/privacy\/\" class=\"\" rel=\"bookmark\">Czytaj dalej &raquo;<span class=\"screen-reader-text\">O\u015bwiadczenie o ochronie prywatno\u015bci<\/span><\/a><\/p>\n","protected":false},"author":4,"featured_media":0,"parent":0,"menu_order":0,"comment_status":"closed","ping_status":"closed","template":"page-templates\/template-pagebuilder-full-width.php","meta":{"neve_meta_sidebar":"","neve_meta_container":"","neve_meta_enable_content_width":"","neve_meta_content_width":0,"neve_meta_title_alignment":"","neve_meta_author_avatar":"","neve_post_elements_order":"","neve_meta_disable_header":"","neve_meta_disable_footer":"","neve_meta_disable_title":"","footnotes":""},"class_list":["post-277","page","type-page","status-publish","hentry"],"_links":{"self":[{"href":"https:\/\/warsztatwiedzy.pl\/index.php\/wp-json\/wp\/v2\/pages\/277","targetHints":{"allow":["GET"]}}],"collection":[{"href":"https:\/\/warsztatwiedzy.pl\/index.php\/wp-json\/wp\/v2\/pages"}],"about":[{"href":"https:\/\/warsztatwiedzy.pl\/index.php\/wp-json\/wp\/v2\/types\/page"}],"author":[{"embeddable":true,"href":"https:\/\/warsztatwiedzy.pl\/index.php\/wp-json\/wp\/v2\/users\/4"}],"replies":[{"embeddable":true,"href":"https:\/\/warsztatwiedzy.pl\/index.php\/wp-json\/wp\/v2\/comments?post=277"}],"version-history":[{"count":4,"href":"https:\/\/warsztatwiedzy.pl\/index.php\/wp-json\/wp\/v2\/pages\/277\/revisions"}],"predecessor-version":[{"id":281,"href":"https:\/\/warsztatwiedzy.pl\/index.php\/wp-json\/wp\/v2\/pages\/277\/revisions\/281"}],"wp:attachment":[{"href":"https:\/\/warsztatwiedzy.pl\/index.php\/wp-json\/wp\/v2\/media?parent=277"}],"curies":[{"name":"wp","href":"https:\/\/api.w.org\/{rel}","templated":true}]}}